e number?
False
Is (3985 - (0 - 1)) + 0 + 3 composite?
False
Let h(r) = -7*r - 2. Let d be h(4). Let w be (36/d)/((-9)/(-30)). Is (-10)/w*(-1128)/(-30) a prime number?
False
Let f be 1 + (-3 - -11 - 4). Suppose 5*q = -2*r + 10, -3*q + q - r = -f. Suppose 0 = 4*k - q*k - 148. Is k prime?
True
Let y(w) = 6*w**2 - 13*w - 3. Let s be y(3). Suppose -492 - 672 = -s*t. Is t a prime number?
True
Suppose -1979 = -5*s + 666. Suppose -3152 = -5*p + l + s, -l - 2944 = -4*p. Is p a prime number?
False
Let f = 61 - 26. Suppose -f*s + 33*s + 106 = 0. Is s composite?
False
Let m be (-1)/(-6) - (-7)/(-42). Suppose 0 = -m*y - 3*y + 885. Is y a prime number?
False
Let v be -1*1*(0 - 2). Suppose -v*j + 247 = -j. Is j a prime number?
False
Let b(q) = 8019*q + 269. Is b(8) composite?
True
Let l = -84 - -3149. Suppose -2*u + 7*u = l. Let k = u - 194. Is k prime?
True
Let a = 11 + 11. Suppose -2*b = -k - 7, 0 = k - 4*k + 5*b - a. Let j(o) = 3*o**2 - 3*o - 3. Is j(k) prime?
False
Suppose -142*i - 3*t + 38917 = -140*i, -38929 = -2*i + t. Is i a prime number?
True
Is 6/16 + 651365/520 a prime number?
False
Suppose -3*j + 1916 = -697. Suppose -j = -2*t + 4*q + 631, 4*t + 4*q - 2968 = 0. Is t a composite number?
True
Suppose -8*n = -23*n + 300. Let k(q) = 5*q**3 + 1. Let y be k(-1). Is n/y*(-39)/5 a composite number?
True
Suppose -426*p + 79149 = -423*p. Is p composite?
True
Let m = -52 - -151. Let g(j) = 2*j**2 - 6*j + 2. Let i be g(5). Let z = m - i. Is z a prime number?
False
Suppose 5*n + 5*o - 76240 = 0, -2*n - 5864 = 5*o - 36345. Is n composite?
True
Suppose -4*h - 1411 = 1453. Let a = h + 1771. Is a a prime number?
False
Let w be (-4 + 2289/12)*-4. Let p = 1127 + w. Let y = p - 127. Is y prime?
False
Let f(r) be the second derivative of -35*r**3/3 + 3*r**2/2 + 2*r. Let o be f(2). Let i = 360 + o. Is i composite?
False
Suppose 5*j - 13396 = -f + 10971, 0 = 3*f + j - 73045. Is f a prime number?
False
Suppose d = 0, 0 = -5*y + d + 4*d - 2000. Let g = y + 1253. Is g a prime number?
True
Suppose 187*n - 190*n + 11499 = 0. Is n a composite number?
False
Let q(g) = 9*g**3 - 11*g**2 + 6*g + 1. Let b(d) = 2*d**2 - 3*d**2 - 2*d + d**3 + 3*d. Let j(m) = -6*b(m) + q(m). Is j(5) prime?
True
Suppose 0 = -18*a + 109896 + 30306. Is a a prime number?
True
Let x(q) = q - 4. Let z be x(4). Let s be (-2 + z)/(18/(-7893)). Suppose -2*v - 4*l = -458, 4*v - 5*l - s = -0*l. Is v a prime number?
True
Suppose -2*l - 19*l = -5607. Is l a prime number?
False
Suppose 5*x + 10 = 0, x + 26 = -0*w + w. Let a = 29 - w. Suppose 0 = -5*b - 5*j + 1340, -a*b + 3*j + 1051 = -b. Is b a composite number?
True
Suppose -x = x - 4. Suppose 0 = q - 2*n - 1, 7 = 3*q + x*n - 12. Suppose -3*o + q*o = -m + 89, -4*m + 2*o = -356. Is m a composite number?
False
Let t = -53 - -57. Is 160 + 3/(-3) - t a composite number?
True
Suppose w - 10683 - 139234 = -5*j, -4*w = -5*j + 149907. Is j a prime number?
True
Suppose -2676769 = -88*k + 5616439. Is k prime?
False
Suppose -4*k = o - 2577, 3*o - 3*k - 2*k - 7782 = 0. Let a = 4490 - o. Is a composite?
False
Let o(v) = -171*v - 7. Let l(j) = 2*j - 20. Let n be l(8). Is o(n) a prime number?
True
Let x(l) = 12*l**2 - 8*l - 9. Let r be x(-1). Let n be 5/3 - (-2)/6. Let p = r - n. Is p a prime number?
False
Let g = 1119 + -692. Is g a composite number?
True
Suppose 0 = 2*s + 202*o - 198*o - 56398, 84593 = 3*s + 4*o. Is s a composite number?
True
Let v = -301 - -54. Let z = -132 - v. Is z prime?
False
Suppose 4019 = 5*d - 4776. Is d prime?
True
Let m(t) = t**3 + 4*t**2 + 3*t + 4. Let g be m(-2). Let b(o) = 37*o - 19. Is b(g) prime?
False
Suppose -32*j - 58595 = -34*j + 3*p, 87900 = 3*j - 3*p. Is j composite?
True
Let j(d) = -265*d + 31. Suppose 5*q = 53 - 83. Is j(q) composite?
False
Suppose 31*b - 28*b - 5199 = 0. Is b prime?
True
Let l be (-4)/((-2 - 0)/980). Let t be (l/(-50))/(4/(-30)). Suppose -j + t = u - 6*u, 0 = 5*u + 25. Is j a composite number?
False
Suppose -h = 4*x - 2933, 5*x + 13898 = 4*h + 2061. Is h a prime number?
True
Suppose -5*y - y = -2514. Let h = y - 850. Let f = -286 - h. Is f a prime number?
False
Let c(j) = j**3 - 5*j**2 - 4*j - 9. Let k be c(6). Is 2/(-5 + k)*-751 a prime number?
True
Suppose 2*m - 21975 = -3*m. Suppose -2*p + 7*p = m. Is (p/(-6))/(2/(-4)) prime?
True
Let x = -15 - -18. Is x + -1 + (-4900)/(-4) prime?
False
Let s be 9/(-45) + (-231)/(-5). Suppose -84 = -2*x + 4*l, -4*x + 113 + s = -5*l. Suppose x = -4*b + 1832. Is b composite?
False
Let m(c) = 14*c + 86. Is m(-2) prime?
False
Is 10 - 1086/(-18)*219 composite?
True
Let n be 1/(-2)*4 + 6 + -2. Suppose n*j = -w + 275 + 942, -5*j - w = -3050. Is j a prime number?
False
Let u(n) = -n**2 + 11*n + 4. Let h be u(11). Suppose -2*z - j + 4351 = 0, -4*j + 24 = h. Is z a prime number?
False
Suppose 13 - 38 = -5*u. Suppose 1054 = 5*h + 3*w, 2*h - u*h = -4*w - 644. Suppose 5*n - 3*c = 265, -2*n = 2*n - c - h. Is n composite?
False
Let b = 3638 + -1131. Is b prime?
False
Suppose -c + 1501 = 3*n, 2*n - c - 999 = -0*n. Let x = n - 317. Is x composite?
True
Let o(y) = 4*y**2 + 4*y**3 - 17 - 10*y**2 - 3*y**3 - y - 2*y. Is o(10) a prime number?
True
Let j(w) = -w**3 + 9*w**2 + w - 4. Let a be j(9). Let x be (-40)/(-14) - a/(-35). Is 2/1 - (-92 - x) a composite number?
False
Suppose 2*f = 0, -5*f = g - 3*g - 84. Let y = 209 + g. Is y composite?
False
Let a = -13 + 21. Suppose 3*n - a*n = -410. Let p = -47 + n. Is p a prime number?
False
Let v(k) = 8*k + 40. Let t be v(-4). Suppose -5*u = -4*f - 1491, 5*u = 4*f - t*f + 1459. Is u prime?
False
Let b(n) = n**3 + 3*n**2 + 4*n - 11. Is b(11) a prime number?
False
Suppose -3*k = -4*c + 13046, -c - 16321 = -6*c - 3*k. Is c a composite number?
True
Suppose -3*t + 10 = 4. Let b be 7/((-396)/196 + t). Let m = b + 506. Is m a composite number?
False
Let y = 28 + -21. Is 1505/y - -2*1 a composite number?
True
Is (-35367)/(-1)*(-20)/(-12) - 8 prime?
True
Suppose -11*y + 313557 + 208492 = 0. Is y a composite number?
False
Let h be (4/(-1) + 3)*-7. Suppose 0 = 2*s - 3*z + h*z - 206, s = 4*z + 79. Is s prime?
False
Suppose 101*p = 109*p - 149064. Is p prime?
False
Suppose -19*w + 144703 + 181318 = 0. Is w a prime number?
True
Let n(c) = 2379*c**2 + 4*c - 10. Let x be n(4). Suppose 5*s + x = 5895. Is 2/(-11) - s/121 a prime number?
True
Let x(y) = 1515*y + 11. Is x(10) prime?
True
Let z = 15163 + -2576. Is z a prime number?
False
Suppose 6*h - 4*h - 6258 = 0. Suppose -2887 = -4*a + 4*j + 1285, -3*a - 4*j + h = 0. Is a a composite number?
True
Let l = -5481 + 8180. Is l composite?
False
Suppose 8*k = 18*k - 40. Suppose 0 = -k*v - 701 + 2361. Is v a composite number?
True
Let l(v) = -v**3 - 3*v**2 - v + 6179. Is l(0) a prime number?
False
Suppose 542 = 32*j - 31*j. Is j + -3*(-3)/(-9) prime?
True
Suppose 2*c = g + c - 1, 5*c = -4*g - 5. Is 170/136*(g + 7108) a prime number?
False
Let z be (-17 + 3)/(4*(-4)/680). Suppose -2*v = -5*n + 375 + 220, -v = 5*n - z. Is n prime?
False
Let f = 549 - 178. Is f composite?
True
Suppose 4*t - o - 22826 = 53830, t + 5*o = 19185. Is t composite?
True
Suppose -b - z + 190 = -339, 0 = -3*b + 5*z + 1579. Let g = b - -55. Is g prime?
False
Let l(o) = 50*o - 10. Let z(h) = -h + 1. Let b(s) = -l(s) + 3*z(s). Is b(-6) composite?
False
Suppose v - 4*q - 916 = 0, 0 = -6*v + 5*v - q + 921. Let z = 89 + v. Is z composite?
False
Let v(y) = -y. Let l be v(-3). Suppose l*a + 15 = -s + 54, 4*s - 91 = a. Suppose p = s + 23. Is p prime?
True
Suppose -20067 - 22921 = -4*f. Is f prime?
False
Let x(h) = 2656*h - 159. Is x(8) prime?
True
Suppose -12*v + 10*v = -8. Is 419/(((-2)/v*-2)/1) prime?
True
Is (-36)/18 + 3*3469 a composite number?
True
Let f be 1416/3 + (-3 - -3). Suppose r - f + 95 = 0. Is r prime?
False
Suppose 5*l = -130 + 20. Let p be (10/(-4))/(11/l). Suppose -5*k + 786 = -2*k + 5*h, 0 = p*k - 4*h - 1347. Is k prime?
False
Let u(t) = 2*t - 12. Let g be u(6). Suppose 5*s + 3225 - 18320 = g. Is s composite?
False
Suppose 21193 = 5*i - 69492. Is i a prime number?
False
Let y be 9/6*(8/3 - 0). Is 1924/3 - (1 - y/6) prime?
True
Let m be (-10)/(-35) + 48/28. Suppose 5 = i + m, -5*g = -2*i - 1159. Is g prime?
True
Let i(w) = -w**3 + 8*w**2 - 6*w - 1. Let m be i(7). Let j be 1 + (1269 - 0/(-4)). Suppose -q - j = -m*q. Is q a prime number?
False
Let x